{"id":226,"date":"2020-02-04T07:00:03","date_gmt":"2020-02-04T07:00:03","guid":{"rendered":"https:\/\/demosites.io\/architecture-gb\/?page_id=226"},"modified":"2024-04-30T17:49:27","modified_gmt":"2024-04-30T17:49:27","slug":"nosotros","status":"publish","type":"page","link":"https:\/\/cirrusdesarrollos.com.mx\/index.php\/nosotros\/","title":{"rendered":"Nosotros"},"content":{"rendered":"\n<div id=\"wp-block-themeisle-blocks-advanced-columns-56234b0e\" class=\"wp-block-themeisle-blocks-advanced-columns has-1-columns has-desktop-equal-layout has-tablet-equal-layout has-mobile-equal-layout has-vertical-unset\"><div class=\"wp-block-themeisle-blocks-advanced-columns-overlay\"><\/div><div class=\"innerblocks-wrap\">\n<div id=\"wp-block-themeisle-blocks-advanced-column-334b506c\" class=\"wp-block-themeisle-blocks-advanced-column\">\n<h2 class=\"wp-block-heading has-neve-link-color-color has-text-color has-link-color wp-elements-ef7969ee771b4b79d4b4f984021d7ca8\">NOSOTROS<\/h2>\n\n\n\n<div style=\"height:60px\" aria-hidden=\"true\" class=\"wp-block-spacer\"><\/div>\n\n\n\n<h3 id=\"wp-block-themeisle-blocks-advanced-heading-b26f7b63\" class=\"wp-block-themeisle-blocks-advanced-heading wp-block-themeisle-blocks-advanced-heading-b26f7b63\"> \u0f04 Cirrus desarrollos inmobiliarios<\/h3>\n\n\n\n<p>Es una empresa mexicana joven, con sede en la Ciudad de M\u00e9xico y que opera como proveedora y coordinadora de oportunidades del mercado inmobiliario, es decir estudia casos potenciales de desarrollo, gestiona, adquiere terrenos, coordina el dise\u00f1o de la edificaci\u00f3n y la construcci\u00f3n, as\u00ed como todos los aspectos jur\u00eddicos, la escrituraci\u00f3n y la comercializaci\u00f3n.<\/p>\n\n\n\n<p>Se compone de varios especialistas en los distintos campos relativos al desarrollo inmobiliario y se coordina como un todo org\u00e1nico que cubre todas las necesidades del negocio.<\/p>\n\n\n\n<h3 id=\"wp-block-themeisle-blocks-advanced-heading-33ca90d2\" class=\"wp-block-themeisle-blocks-advanced-heading wp-block-themeisle-blocks-advanced-heading-33ca90d2\">\u0f04 compra en cirrus<\/h3>\n\n\n\n<p>En cirrus puedes encontrar tu siguiente hogar o una propiedad para inversi\u00f3n, ya que estamos en constante desarrollo de oportunidades<\/p>\n\n\n\n<h3 id=\"wp-block-themeisle-blocks-advanced-heading-f2b3e8f3\" class=\"wp-block-themeisle-blocks-advanced-heading wp-block-themeisle-blocks-advanced-heading-f2b3e8f3\">\u0f04 invierte en cirrus<\/h3>\n\n\n\n<p>En cirrus puedes encontrar tu siguiente hogar o una propiedad para inversi\u00f3n, ya que estamos en constante desarrollo de oportunidades<\/p>\n\n\n\n<h3 id=\"wp-block-themeisle-blocks-advanced-heading-4c109564\" class=\"wp-block-themeisle-blocks-advanced-heading wp-block-themeisle-blocks-advanced-heading-4c109564\">\u0f04 aporta tu propiedad<\/h3>\n\n\n\n<p>En cirrus puedes encontrar tu siguiente hogar o una propiedad para inversi\u00f3n, ya que estamos en constante desarrollo de oportunidades<\/p>\n\n\n\n<h3 id=\"wp-block-themeisle-blocks-advanced-heading-65615db2\" class=\"wp-block-themeisle-blocks-advanced-heading wp-block-themeisle-blocks-advanced-heading-65615db2\">\u0f04 s\u00e9 parte de lo diferente<\/h3>\n\n\n\n<p>En cirrus puedes encontrar tu siguiente hogar o una propiedad para inversi\u00f3n, ya que estamos en constante desarrollo de oportunidades<\/p>\n<\/div>\n<\/div><\/div>\n\n\n\n<section id=\"wp-block-themeisle-blocks-advanced-columns-953634cd\" class=\"wp-block-themeisle-blocks-advanced-columns alignfull has-1-columns has-desktop-equal-layout has-tablet-equal-layout has-mobile-equal-layout has-vertical-flex-start has-light-bg\"><div class=\"wp-block-themeisle-blocks-advanced-columns-overlay\"><\/div><div class=\"innerblocks-wrap\">\n<div id=\"wp-block-themeisle-blocks-advanced-column-4316d84f\" class=\"wp-block-themeisle-blocks-advanced-column\">\n<section id=\"wp-block-themeisle-blocks-advanced-columns-7b2bfbc9\" class=\"wp-block-themeisle-blocks-advanced-columns has-1-columns has-desktop-equal-layout has-tablet-equal-layout has-mobile-equal-layout has-vertical-flex-start\"><div class=\"wp-block-themeisle-blocks-advanced-columns-overlay\"><\/div><div class=\"innerblocks-wrap\">\n<div id=\"wp-block-themeisle-blocks-advanced-column-5f9ce3cc\" class=\"wp-block-themeisle-blocks-advanced-column\">\n<h6 id=\"wp-block-themeisle-blocks-advanced-heading-b996d7c8\" class=\"wp-block-themeisle-blocks-advanced-heading wp-block-themeisle-blocks-advanced-heading-b996d7c8\">coordinaci\u00f3n<\/h6>\n\n\n\n<h2 id=\"wp-block-themeisle-blocks-advanced-heading-64482a96\" class=\"wp-block-themeisle-blocks-advanced-heading wp-block-themeisle-blocks-advanced-heading-64482a96\">nuestro equipo<\/h2>\n<\/div>\n<\/div><\/section>\n\n\n\n<div id=\"wp-block-themeisle-blocks-advanced-columns-73645004\" class=\"wp-block-themeisle-blocks-advanced-columns has-3-columns has-desktop-equal-layout has-tablet-equal-layout has-mobile-collapsedRows-layout has-vertical-unset\"><div class=\"wp-block-themeisle-blocks-advanced-columns-overlay\"><\/div><div class=\"innerblocks-wrap\">\n<div id=\"wp-block-themeisle-blocks-advanced-column-828657b3\" class=\"wp-block-themeisle-blocks-advanced-column animated fadeInUp slow\"><div class=\"wp-block-image\">\n<figure class=\"aligncenter size-full\"><img loading=\"lazy\" width=\"272\" height=\"272\" src=\"http:\/\/cirrusdesarrollos.com.mx\/wp-content\/uploads\/2024\/03\/icons8-manager-272.png\" alt=\"\" class=\"wp-image-475\" srcset=\"https:\/\/cirrusdesarrollos.com.mx\/wp-content\/uploads\/2024\/03\/icons8-manager-272.png 272w, https:\/\/cirrusdesarrollos.com.mx\/wp-content\/uploads\/2024\/03\/icons8-manager-272-150x150.png 150w\" sizes=\"auto, (max-width: 272px) 100vw, 272px\" \/><\/figure><\/div>\n\n\n<div style=\"height:16px\" aria-hidden=\"true\" class=\"wp-block-spacer\"><\/div>\n\n\n\n<h3 id=\"wp-block-themeisle-blocks-advanced-heading-94b88937\" class=\"wp-block-themeisle-blocks-advanced-heading wp-block-themeisle-blocks-advanced-heading-94b88937\">coordinaci\u00f3n general<\/h3>\n\n\n\n<h5 id=\"wp-block-themeisle-blocks-advanced-heading-39e559ed\" class=\"wp-block-themeisle-blocks-advanced-heading wp-block-themeisle-blocks-advanced-heading-39e559ed\">PLANNER<\/h5>\n<\/div>\n\n\n\n<div id=\"wp-block-themeisle-blocks-advanced-column-29eecd08\" class=\"wp-block-themeisle-blocks-advanced-column animated fadeInUp delay-100ms slow\"><div class=\"wp-block-image\">\n<figure class=\"aligncenter size-full\"><img loading=\"lazy\" width=\"272\" height=\"272\" src=\"http:\/\/cirrusdesarrollos.com.mx\/wp-content\/uploads\/2024\/03\/icons8-manager-272.png\" alt=\"\" class=\"wp-image-475\" srcset=\"https:\/\/cirrusdesarrollos.com.mx\/wp-content\/uploads\/2024\/03\/icons8-manager-272.png 272w, https:\/\/cirrusdesarrollos.com.mx\/wp-content\/uploads\/2024\/03\/icons8-manager-272-150x150.png 150w\" sizes=\"auto, (max-width: 272px) 100vw, 272px\" \/><\/figure><\/div>\n\n\n<div style=\"height:16px\" aria-hidden=\"true\" class=\"wp-block-spacer\"><\/div>\n\n\n\n<h3 id=\"wp-block-themeisle-blocks-advanced-heading-b652dd68\" class=\"wp-block-themeisle-blocks-advanced-heading wp-block-themeisle-blocks-advanced-heading-b652dd68\">gerencia de proyecto<\/h3>\n\n\n\n<h5 id=\"wp-block-themeisle-blocks-advanced-heading-e3e37ef0\" class=\"wp-block-themeisle-blocks-advanced-heading wp-block-themeisle-blocks-advanced-heading-e3e37ef0\">CLIENT SERVICE<\/h5>\n<\/div>\n\n\n\n<div id=\"wp-block-themeisle-blocks-advanced-column-58ec59ec\" class=\"wp-block-themeisle-blocks-advanced-column animated fadeInUp delay-200ms slow\"><div class=\"wp-block-image\">\n<figure class=\"aligncenter size-full\"><img loading=\"lazy\" width=\"272\" height=\"272\" src=\"http:\/\/cirrusdesarrollos.com.mx\/wp-content\/uploads\/2024\/03\/icons8-manager-272.png\" alt=\"\" class=\"wp-image-475\" srcset=\"https:\/\/cirrusdesarrollos.com.mx\/wp-content\/uploads\/2024\/03\/icons8-manager-272.png 272w, https:\/\/cirrusdesarrollos.com.mx\/wp-content\/uploads\/2024\/03\/icons8-manager-272-150x150.png 150w\" sizes=\"auto, (max-width: 272px) 100vw, 272px\" \/><\/figure><\/div>\n\n\n<div style=\"height:16px\" aria-hidden=\"true\" class=\"wp-block-spacer\"><\/div>\n\n\n\n<h3 id=\"wp-block-themeisle-blocks-advanced-heading-55116cd3\" class=\"wp-block-themeisle-blocks-advanced-heading wp-block-themeisle-blocks-advanced-heading-55116cd3\">direcci\u00f3n de arquitectura e ingenier\u00eda<\/h3>\n\n\n\n<h5 id=\"wp-block-themeisle-blocks-advanced-heading-9c23667e\" class=\"wp-block-themeisle-blocks-advanced-heading wp-block-themeisle-blocks-advanced-heading-9c23667e\">ARCHITECT<\/h5>\n<\/div>\n<\/div><\/div>\n\n\n\n<div id=\"wp-block-themeisle-blocks-advanced-columns-5fe5ec49\" class=\"wp-block-themeisle-blocks-advanced-columns has-3-columns has-desktop-equal-layout has-tablet-equal-layout has-mobile-collapsedRows-layout has-vertical-unset\"><div class=\"wp-block-themeisle-blocks-advanced-columns-overlay\"><\/div><div class=\"innerblocks-wrap\">\n<div id=\"wp-block-themeisle-blocks-advanced-column-4f34221d\" class=\"wp-block-themeisle-blocks-advanced-column animated fadeInUp slow\"><div class=\"wp-block-image\">\n<figure class=\"aligncenter size-full\"><img loading=\"lazy\" width=\"272\" height=\"272\" src=\"http:\/\/cirrusdesarrollos.com.mx\/wp-content\/uploads\/2024\/03\/icons8-manager-272.png\" alt=\"\" class=\"wp-image-475\" srcset=\"https:\/\/cirrusdesarrollos.com.mx\/wp-content\/uploads\/2024\/03\/icons8-manager-272.png 272w, https:\/\/cirrusdesarrollos.com.mx\/wp-content\/uploads\/2024\/03\/icons8-manager-272-150x150.png 150w\" sizes=\"auto, (max-width: 272px) 100vw, 272px\" \/><\/figure><\/div>\n\n\n<div style=\"height:16px\" aria-hidden=\"true\" class=\"wp-block-spacer\"><\/div>\n\n\n\n<h3 id=\"wp-block-themeisle-blocks-advanced-heading-ac13e5ef\" class=\"wp-block-themeisle-blocks-advanced-heading wp-block-themeisle-blocks-advanced-heading-ac13e5ef\">direcci\u00f3n de obra<\/h3>\n\n\n\n<h5 id=\"wp-block-themeisle-blocks-advanced-heading-2cb471f2\" class=\"wp-block-themeisle-blocks-advanced-heading wp-block-themeisle-blocks-advanced-heading-2cb471f2\">PLANNER<\/h5>\n<\/div>\n\n\n\n<div id=\"wp-block-themeisle-blocks-advanced-column-3706d135\" class=\"wp-block-themeisle-blocks-advanced-column animated fadeInUp delay-100ms slow\"><div class=\"wp-block-image\">\n<figure class=\"aligncenter size-full\"><img loading=\"lazy\" width=\"272\" height=\"272\" src=\"http:\/\/cirrusdesarrollos.com.mx\/wp-content\/uploads\/2024\/03\/icons8-manager-272.png\" alt=\"\" class=\"wp-image-475\" srcset=\"https:\/\/cirrusdesarrollos.com.mx\/wp-content\/uploads\/2024\/03\/icons8-manager-272.png 272w, https:\/\/cirrusdesarrollos.com.mx\/wp-content\/uploads\/2024\/03\/icons8-manager-272-150x150.png 150w\" sizes=\"auto, (max-width: 272px) 100vw, 272px\" \/><\/figure><\/div>\n\n\n<div style=\"height:16px\" aria-hidden=\"true\" class=\"wp-block-spacer\"><\/div>\n\n\n\n<h3 id=\"wp-block-themeisle-blocks-advanced-heading-5d98ee6b\" class=\"wp-block-themeisle-blocks-advanced-heading wp-block-themeisle-blocks-advanced-heading-5d98ee6b\">direcci\u00f3n jur\u00eddica y permisos<\/h3>\n\n\n\n<h5 id=\"wp-block-themeisle-blocks-advanced-heading-31f26ecf\" class=\"wp-block-themeisle-blocks-advanced-heading wp-block-themeisle-blocks-advanced-heading-31f26ecf\">CLIENT SERVICE<\/h5>\n<\/div>\n\n\n\n<div id=\"wp-block-themeisle-blocks-advanced-column-20a48f58\" class=\"wp-block-themeisle-blocks-advanced-column animated fadeInUp delay-200ms slow\"><div class=\"wp-block-image\">\n<figure class=\"aligncenter size-full\"><img loading=\"lazy\" width=\"272\" height=\"272\" src=\"http:\/\/cirrusdesarrollos.com.mx\/wp-content\/uploads\/2024\/03\/icons8-manager-272.png\" alt=\"\" class=\"wp-image-475\" srcset=\"https:\/\/cirrusdesarrollos.com.mx\/wp-content\/uploads\/2024\/03\/icons8-manager-272.png 272w, https:\/\/cirrusdesarrollos.com.mx\/wp-content\/uploads\/2024\/03\/icons8-manager-272-150x150.png 150w\" sizes=\"auto, (max-width: 272px) 100vw, 272px\" \/><\/figure><\/div>\n\n\n<div style=\"height:16px\" aria-hidden=\"true\" class=\"wp-block-spacer\"><\/div>\n\n\n\n<h3 id=\"wp-block-themeisle-blocks-advanced-heading-0c137ba9\" class=\"wp-block-themeisle-blocks-advanced-heading wp-block-themeisle-blocks-advanced-heading-0c137ba9\">comercializaci\u00f3n<\/h3>\n\n\n\n<h5 id=\"wp-block-themeisle-blocks-advanced-heading-3063ba73\" class=\"wp-block-themeisle-blocks-advanced-heading wp-block-themeisle-blocks-advanced-heading-3063ba73\">ARCHITECT<\/h5>\n<\/div>\n<\/div><\/div>\n<\/div>\n<\/div><\/section>\n\n\n\n<div id=\"wp-block-themeisle-blocks-advanced-columns-a9b27eb9\" class=\"wp-block-themeisle-blocks-advanced-columns alignfull has-1-columns has-desktop-equal-layout has-tablet-equal-layout has-mobile-collapsedRows-layout has-vertical-unset has-dark-bg\"><div class=\"wp-block-themeisle-blocks-advanced-columns-overlay\"><\/div><div class=\"innerblocks-wrap\">\n<div id=\"wp-block-themeisle-blocks-advanced-column-1ff8f231\" class=\"wp-block-themeisle-blocks-advanced-column\">\n<p class=\"has-text-align-left has-nv-site-bg-color has-text-color has-link-color has-medium-font-size wp-elements-221ba7054dadf497dc9cf54a36210cb1\">Ciudad de M\u00e9xico<br>Tel\u00e9fono\/Whatsaap: <a href=\"tel:+5215511516530\">5511516530<\/a><br>Correo: <a href=\"mailto:contacto@cirrusdesarrollos.com.mx\">contacto@cirrusdesarrollos.com.mx<\/a><\/p>\n<\/div>\n<\/div><\/div>\n","protected":false},"excerpt":{"rendered":"","protected":false},"author":1,"featured_media":0,"parent":0,"menu_order":0,"comment_status":"closed","ping_status":"closed","template":"page-templates\/template-pagebuilder-full-width.php","meta":{"neve_meta_sidebar":"full-width","neve_meta_container":"","neve_meta_enable_content_width":"on","neve_meta_content_width":100,"neve_meta_title_alignment":"","neve_meta_author_avatar":"","neve_post_elements_order":"","neve_meta_disable_header":"","neve_meta_disable_footer":"","neve_meta_disable_title":"","pgc_sgb_lightbox_settings":"","_themeisle_gutenberg_block_has_review":false,"_joinchat":[],"footnotes":""},"class_list":["post-226","page","type-page","status-publish","hentry"],"_links":{"self":[{"href":"https:\/\/cirrusdesarrollos.com.mx\/index.php\/wp-json\/wp\/v2\/pages\/226","targetHints":{"allow":["GET"]}}],"collection":[{"href":"https:\/\/cirrusdesarrollos.com.mx\/index.php\/wp-json\/wp\/v2\/pages"}],"about":[{"href":"https:\/\/cirrusdesarrollos.com.mx\/index.php\/wp-json\/wp\/v2\/types\/page"}],"author":[{"embeddable":true,"href":"https:\/\/cirrusdesarrollos.com.mx\/index.php\/wp-json\/wp\/v2\/users\/1"}],"replies":[{"embeddable":true,"href":"https:\/\/cirrusdesarrollos.com.mx\/index.php\/wp-json\/wp\/v2\/comments?post=226"}],"version-history":[{"count":6,"href":"https:\/\/cirrusdesarrollos.com.mx\/index.php\/wp-json\/wp\/v2\/pages\/226\/revisions"}],"predecessor-version":[{"id":1486,"href":"https:\/\/cirrusdesarrollos.com.mx\/index.php\/wp-json\/wp\/v2\/pages\/226\/revisions\/1486"}],"wp:attachment":[{"href":"https:\/\/cirrusdesarrollos.com.mx\/index.php\/wp-json\/wp\/v2\/media?parent=226"}],"curies":[{"name":"wp","href":"https:\/\/api.w.org\/{rel}","templated":true}]}}